{"id":59,"date":"2019-12-05T13:11:59","date_gmt":"2019-12-05T13:11:59","guid":{"rendered":"http:\/\/homepage.kgv-braunsfeld.de\/?page_id=59"},"modified":"2019-12-05T13:11:59","modified_gmt":"2019-12-05T13:11:59","slug":"geschichte","status":"publish","type":"page","link":"https:\/\/homepage.kgv-braunsfeld.de\/?page_id=59","title":{"rendered":"Geschichte"},"content":{"rendered":"\n<h1 class=\"wp-block-heading\">Chronik Kleing\u00e4rtnerverein K\u00f6ln-Braunsfeld e.V. <\/h1>\n\n\n\n<p><strong>Kurzfassung:<br><\/strong><\/p>\n\n\n\n<ul class=\"wp-block-list\"><li><strong>16.12.1921&nbsp;\n &#8211;&gt;&nbsp;&nbsp; wurde der Gartenbauverein K\u00f6ln-Braunsfeld gegr\u00fcndet. Der \ndamalige Mitgliederbestand betrug etwa 1200 Personen<br><\/strong><\/li><li><strong>15.02.1922&nbsp; &#8211;&gt;&nbsp; Eintragung in das Vereinsregister des Amtsgerichtes K\u00f6ln<br><\/strong><\/li><li><strong>08.12.1933&nbsp;\n &#8211;&gt;&nbsp; Neufassung der Satzung. Der Verein erhielt die Bezeichnung \n&#8222;Kleing\u00e4rtnerverein K\u00f6ln-Braunsfeld im Reichsbund der Kleing\u00e4rtner und \nKleinsiedler Deutschlands&#8220;<br><\/strong><\/li><li><strong>Nach\n Ende des Krieges wurde mit dem Neuaufbau begonnen. Einzelne \nPachtbereiche wurden zu Wohnbehelfsheimen umfunktioniert, die einigen \nFamilien ein Zuhause gaben.<\/strong><\/li><li><strong>Nach und nach haben sich viele Gartenbereiche zu eingenst\u00e4ndigen Vereinen zusammengeschlossen und der Mitgliederbestand schwand<\/strong><\/li><li><strong>18.03.1962&nbsp; &#8211;&gt;&nbsp; Neufassung der Satzung. Der Verein erhielt die Bezeichnung &#8222;Kleing\u00e4rtnerverein K\u00f6ln-Braunsfeld e.V.&#8220;<\/strong><\/li><li><strong>14.07.1974&nbsp;\n &#8211;&gt;&nbsp; Wieder eine Neufassung der Satzung, die bis 2006 ihre \nG\u00fcltigkeit behielt. Die Vereinsregisternummer ist die 4444<\/strong><strong>. Der Vereinsname ist seit dem &#8222;Kleing\u00e4rtner-Verein K\u00f6ln-Braunsfeld e.V.<\/strong><\/li><li><strong>01.03.1983&nbsp; &#8211;&gt;&nbsp; Ein Garten, der als Behelfsheim diente, wurde dann zu unserem Vereinsheim umgebaut und &#8222;Eulenheim&#8220; getauft.<\/strong><\/li><li><strong>Herbst 1996 &#8211;&gt;&nbsp; Feierte der Verein sein 75 J\u00e4hriges Bestehen<\/strong><\/li><li><strong>2002&nbsp;&nbsp;&nbsp;&nbsp;&nbsp;&nbsp;&nbsp;&nbsp;&nbsp; &#8211;&gt;&nbsp; Wurde im Bereich Walter-Binder-Weg eine neue Wasserleitung als Ringleitung verlegt.<\/strong><\/li><li><strong>25.03.2006&nbsp;\n &#8211;&gt;&nbsp; Die Mustersatzung des Kreisverbandes wurde als neue \nVereinssatzung \u00fcbernommen und in das Vereinsregister eingetragen.<\/strong><\/li><li><strong>2006&nbsp;&nbsp;&nbsp;&nbsp;&nbsp;&nbsp;&nbsp;&nbsp;&nbsp; &#8211;&gt; &nbsp;Feier des 85j\u00e4hrigen Vereinsjubil\u00e4ums.<\/strong><\/li><li><strong>2008&nbsp;&nbsp;&nbsp;&nbsp;&nbsp;&nbsp;&nbsp;&nbsp;&nbsp; &#8211;&gt;&nbsp; Erweiterung der&nbsp;Terrasse des Eulenheims.<\/strong><\/li><li><strong>2011&nbsp;&nbsp;&nbsp;&nbsp;&nbsp;&nbsp;&nbsp;&nbsp;&nbsp; &#8211;&gt;&nbsp; Feier des 90j\u00e4hrigen Vereinsjubil\u00e4ums.<\/strong><\/li><\/ul>\n\n\n\n<p><strong>Langfassung:&nbsp;<\/strong><\/p>\n\n\n\n<p><strong>Am 16.12.1921 fanden\n sich die bis dahin nicht als eingetragener Verein handelnden \nSchreberg\u00e4rtner aus der Gartenkolonie K\u00f6ln- Braunsfeld zusammen und \ngaben sich als Richtlinien ihre erste Satzung unter der Bezeichnung \n\u201eGartenbauverein K\u00f6ln-Braunsfeld&#8220;. Der Verein hatte damals einen \nMitgliederbestand von ca. 1.200 Personen und wurde unter dem Aktenzeichen VR 649 am 15.02.1922 in das Vereinsregister des Amtsgerichtes K\u00f6ln eingetragen. Am 08.12.1933 wurde\n die Satzung neu gefasst und der Verein erhielt die Bezeichnung \n\u201eKleing\u00e4rtnerverein K\u00f6ln-Braunsfeld im Reichsbund der Kleing\u00e4rtner und \nKleinsiedler Deutschlands&#8220;. Nach Ende des Krieges begann die Zeit\n des allgemeinen Aufbaus. In einzelnen Pachtbereichen wurden \nWohnbehelfsheime errichtet, die einigen Familien ein Zuhause gaben. \nDamals haben sich viele Gartenbereiche zu eigenst\u00e4ndigen Vereinen \nzusammengeschlossen, so dass der Mitgliederbestand unseres Vereins von \nJahr zu Jahr schwand. Der Kleing\u00e4rtnervcrcin K\u00f6ln-Braunsfeld bestand aus\n mehreren Anlagen. Dies waren die Schmalbcinstra\u00dfe mit Aachener Glacis \nund Albrecht D\u00fcrer-Platz, Aachener Stra\u00dfe\/Ecke Innere Kanalstra\u00dfe, Neuer\n Gr\u00fcner Weg, Walter-Binder-Weg (fr\u00fcher Belvederestra\u00dfe) mit der Anlage \nam Lehr- und Beispielgarten. Ein einzelner Garten bestand am \nMelateng\u00fcrtel. F\u00fcr die vorbezeichneten Pachtbereiche gab sich der Verein\n am 18.03.1962 eine neue Satzung mit der Vereinsbezeichnung &#8222;Kleing\u00e4rtnerverein K\u00f6ln-Braunsfeld e.V.&#8220;, die dann 12 Jahre galt. Am 14.07.1974 wurde wieder eine Neufassung der Vereinssatzung beschlossen, die beim Amtsgericht im heute noch g\u00fcltigen Vereinsregister Nummer 4444 eingetragen wurde. Gleichzeitig wurde auch die Schreibweise des Vereins in \u201eKleing\u00e4rtner-Verein K\u00f6ln-Braunsfeld e.V.&#8220; ge\u00e4ndert, die bis zum heutigen Tage gilt. In der Mitgliederversammlung im Jahre 1994 wurde \u00fcber die Abspaltung der Kleingartenanlage Schmalbeinstra\u00dfe abgestimmt und die Teilung mehrheitlich zum 31.12.1994 beschlossen. Das im Pachtbereich Neuer Gr\u00fcner Weg befindliche Vereinshaus wurde im Jahr 1982 wieder als Laube eines Pachtgartens freigegeben, da ab 01.03.1983 der\n Garten mit dem Behelfsheim von Frau Winter in der Anlage \nWalter-Binder-Weg als neues Vereinsheim \u201eEulenheim&#8220; \u00fcbernommen wurde. \nDas mittlerweile renovierte Eulenheim findet viel Zuspruch bei den \nMitgliedern und wird h\u00e4ufig zu privaten Feiern genutzt. Au\u00dferdem finden \ndort die Sitzungen des Vereinsvorstandes statt. Das Vereins\u00adleben wird \nansonsten gelebt, in dem j\u00e4hrlich Sommer-\/Kinderfeste stattfinden. \nAu\u00dferdem werden von vielen P\u00e4chtern Gangfeste organisiert. Im Herbst 1996 feierte\n der Verein sein 75j\u00e4hriges Bestehen im Rahmen eines Oktoberfestes in \nder Ernst-Simons-Realschule am Alten Milit\u00e4rring. Die veraltete \nWasserleitung im Bereich Walter-Binder-Weg wurde im Jahre 2002 als\n Ringleitung neu verlegt, Die P\u00e4chter freuen sich seitdem \u00fcber den \nausreichenden Wasserdruck beim Bew\u00e4ssern des Gartens. Im Bereich Neuer \nGr\u00fcner Weg baute der Handelshof 2004\/2005 eine\n neue Niederlassung. Diese Ma\u00dfnahme erforderte die Umgestaltung des \nParkbereiches bzw. Neuverlegung der Zufahrt zu den G\u00e4rten. Heute k\u00f6nnen \ndie P\u00e4chter die Anlage \u00fcber eine befestigte Stra\u00dfenzufahrt erreichen. Am\n 25.03.2006 wurde die Muster\u00adsatzung des Kreisverbandes als neue Vereinssatzung \u00fcbernommen und in das Vereinsregister eingetragen. Im Jubil\u00e4umsjahr 2006 hat der Verein 137 Mitglieder, von denen 112 P\u00e4chter eines Kleingartens sind. Viele der heutigen P\u00e4chter sind als Kinder bereits in der Anlage aufge\u00adwachsen und\n haben die G\u00e4rten der Eltern \u00fcbernommen. Im Jahre 2008 wurde \nbeschlossen, die Terrasse des Eulenheims zu erweitern und mit einem \nvariablen Wetterschutz zu versehen, so dass auch bei schlechterm Wetter \ndort gefeiert werden kann. Am 16.07.2011 fand im Rahmen eines \nSommerfestes das 90j\u00e4hrige Vereinsjubil\u00e4um statt.<br><\/strong><\/p>\n\n\n\n<p><strong>Die Vor\u00adsitzenden des Vereins waren bzw. sind:<\/strong><\/p>\n\n\n\n<p><strong>1921 \u2013 1933 Hugo Schleicher<br>1933 \u2013 1935 Karl Nagelschmidt<br>1935 \u2013 1946 Hubert Th\u00f6nnissen<br>1946 \u2013 1962 Max Gierden<br>1962 \u2013 1974 Wilhelm Schlagloth<br>1974 \u2013 1989 Julius Kliche<br>1989 \u2013 1990 Harald G\u00e4bler<br>1990 \u2013 1995 Hans G\u00e4bler<br>1996 &#8211; 2008 Udo Serbee<\/strong><br><strong>2008 &#8211;&nbsp;&nbsp;&nbsp;&nbsp;&nbsp;&nbsp;&nbsp; Birgit Lauterbach<\/strong><\/p>\n\n\n\n<p><strong>Stand 2018<\/strong><\/p>\n","protected":false},"excerpt":{"rendered":"<p>Chronik Kleing\u00e4rtnerverein K\u00f6ln-Braunsfeld e.V. Kurzfassung: 16.12.1921&nbsp; &#8211;&gt;&nbsp;&nbsp; wurde der Gartenbauverein K\u00f6ln-Braunsfeld gegr\u00fcndet. Der damalige Mitgliederbestand betrug etwa 1200 Personen 15.02.1922&nbsp; &#8211;&gt;&nbsp; Eintragung in das Vereinsregister des Amtsgerichtes K\u00f6ln 08.12.1933&nbsp; &#8211;&gt;&nbsp; Neufassung der Satzung. Der Verein erhielt die Bezeichnung &#8222;Kleing\u00e4rtnerverein K\u00f6ln-Braunsfeld im Reichsbund der Kleing\u00e4rtner und Kleinsiedler Deutschlands&#8220; Nach Ende des Krieges wurde mit dem Neuaufbau &hellip; <\/p>\n<p class=\"link-more\"><a href=\"https:\/\/homepage.kgv-braunsfeld.de\/?page_id=59\" class=\"more-link\"><span class=\"screen-reader-text\">\u201eGeschichte\u201c<\/span> weiterlesen<\/a><\/p>\n","protected":false},"author":1,"featured_media":0,"parent":0,"menu_order":0,"comment_status":"closed","ping_status":"closed","template":"","meta":{"footnotes":""},"class_list":["post-59","page","type-page","status-publish","hentry"],"_links":{"self":[{"href":"https:\/\/homepage.kgv-braunsfeld.de\/index.php?rest_route=\/wp\/v2\/pages\/59","targetHints":{"allow":["GET"]}}],"collection":[{"href":"https:\/\/homepage.kgv-braunsfeld.de\/index.php?rest_route=\/wp\/v2\/pages"}],"about":[{"href":"https:\/\/homepage.kgv-braunsfeld.de\/index.php?rest_route=\/wp\/v2\/types\/page"}],"author":[{"embeddable":true,"href":"https:\/\/homepage.kgv-braunsfeld.de\/index.php?rest_route=\/wp\/v2\/users\/1"}],"replies":[{"embeddable":true,"href":"https:\/\/homepage.kgv-braunsfeld.de\/index.php?rest_route=%2Fwp%2Fv2%2Fcomments&post=59"}],"version-history":[{"count":1,"href":"https:\/\/homepage.kgv-braunsfeld.de\/index.php?rest_route=\/wp\/v2\/pages\/59\/revisions"}],"predecessor-version":[{"id":71,"href":"https:\/\/homepage.kgv-braunsfeld.de\/index.php?rest_route=\/wp\/v2\/pages\/59\/revisions\/71"}],"wp:attachment":[{"href":"https:\/\/homepage.kgv-braunsfeld.de\/index.php?rest_route=%2Fwp%2Fv2%2Fmedia&parent=59"}],"curies":[{"name":"wp","href":"https:\/\/api.w.org\/{rel}","templated":true}]}}